actors of 15865.
5, 19, 167
What are the prime factors of 81262?
2, 41, 991
List the prime factors of 357.
3, 7, 17
What are the prime factors of 1056?
2, 3, 11
List the prime factors of 1113.
3, 7, 53
What are the prime factors of 1225?
5, 7
List the prime factors of 83511.
3, 1031
What are the prime factors of 63787?
227, 281
List the prime factors of 115848.
2, 3, 1609
List the prime factors of 274.
2, 137
List the prime factors of 10618.
2, 5309
What are the prime factors of 2430?
2, 3, 5
List the prime factors of 59467.
59467
What are the prime factors of 1134?
2, 3, 7
List the prime factors of 25269.
3, 8423
List the prime factors of 30114.
2, 3, 7, 239
What are the prime factors of 12486?
2, 3, 2081
What are the prime factors of 514?
2, 257
List the prime factors of 2110.
2, 5, 211
What are the prime factors of 6354?
2, 3, 353
List the prime factors of 4124.
2, 1031
List the prime factors of 30380.
2, 5, 7, 31
List the prime factors of 34091.
73, 467
List the prime factors of 7472.
2, 467
What are the prime factors of 16041?
3, 5347
What are the prime factors of 18613?
7, 2659
List the prime factors of 24578.
2, 12289
List the prime factors of 1638.
2, 3, 7, 13
List the prime factors of 1142.
2, 571
List the prime factors of 32178.
2, 3, 31, 173
List the prime factors of 2749.
2749
List the prime factors of 34523.
19, 23, 79
List the prime factors of 1191.
3, 397
What are the prime factors of 1574?
2, 787
List the prime factors of 2112.
2, 3, 11
What are the prime factors of 1313?
13, 101
What are the prime factors of 1966?
2, 983
List the prime factors of 827.
827
List the prime factors of 145645.
5, 29129
List the prime factors of 10401.
3, 3467
What are the prime factors of 30018?
2, 3, 5003
List the prime factors of 1401.
3, 467
What are the prime factors of 19585?
5, 3917
List the prime factors of 5494.
2, 41, 67
List the prime factors of 19238.
2, 9619
What are the prime factors of 50280?
2, 3, 5, 419
List the prime factors of 8501.
8501
What are the prime factors of 60?
2, 3, 5
What are the prime factors of 4411?
11, 401
List the prime factors of 3054.
2, 3, 509
List the prime factors of 31064.
2, 11, 353
What are the prime factors of 4246?
2, 11, 193
What are the prime factors of 38823?
3, 12941
List the prime factors of 3306.
2, 3, 19, 29
List the prime factors of 2341.
2341
List the prime factors of 431.
431
What are the prime factors of 15852?
2, 3, 1321
What are the prime factors of 1207?
17, 71
What are the prime factors of 3069?
3, 11, 31
What are the prime factors of 5936?
2, 7, 53
What are the prime factors of 1358?
2, 7, 97
List the prime factors of 84.
2, 3, 7
What are the prime factors of 2087?
2087
What are the prime factors of 6036?
2, 3, 503
List the prime factors of 11163.
3, 61
List the prime factors of 13210.
2, 5, 1321
List the prime factors of 30222.
2, 3, 23, 73
List the prime factors of 6624.
2, 3, 23
What are the prime factors of 97005?
3, 5, 29, 223
What are the prime factors of 1294?
2, 647
What are the prime factors of 1311?
3, 19, 23
List the prime factors of 142575.
3, 5, 1901
List the prime factors of 28508.
2, 7127
List the prime factors of 2346.
2, 3, 17, 23
List the prime factors of 11495.
5, 11, 19
List the prime factors of 1984.
2, 31
List the prime factors of 28173.
3, 9391
What are the prime factors of 53936?
2, 3371
List the prime factors of 1244.
2, 311
List the prime factors of 30077.
19, 1583
What are the prime factors of 414?
2, 3, 23
List the prime factors of 35176.
2, 4397
List the prime factors of 917.
7, 131
List the prime factors of 1473.
3, 491
List the prime factors of 869.
11, 79
What are the prime factors of 1906?
2, 953
List the prime factors of 302.
2, 151
List the prime factors of 2547.
3, 283
What are the prime factors of 438?
2, 3, 73
List the prime factors of 1512.
2, 3, 7
List the prime factors of 713.
23, 31
What are the prime factors of 5955?
3, 5, 397
What are the prime factors of 22312?
2, 2789
List the prime factors of 4019.
4019
List the prime factors of 1720.
2, 5, 43
What are the prime factors of 2072?
2, 7, 37
List the prime factors of 57978.
2, 3, 3221
List the prime factors of 10765.
5, 2153
List the prime factors of 925.
5, 37
List the prime factors of 7940.
2, 5, 397
List the prime factors of 25493.
13, 37, 53
What are the prime factors of 3894?
2, 3, 11, 59
What are the prime factors of 1503?
3, 167
What are the prime factors of 2731?
2731
List the prime factors of 538.
2, 269
List the prime factors of 109762.
2, 54881
List the prime factors of 80938.
2, 11, 13, 283
List the prime factors of 19906.
2, 37, 269
What are the prime factors of 1652?
2, 7, 59
List the prime factors of 9317.
7, 11
List the prime factors of 3353.
7, 479
List the prime factors of 5112.
2, 3, 71
What are the prime factors of 17541?
3, 1949
What are the prime factors of 881?
881
List the prime factors of 1996.
2, 499
What are the prime factors of 13824?
2, 3
What are the prime factors of 214?
2, 107
What are the prime factors of 56300?
2, 5, 563
List the prime factors of 1864.
2, 233
What are the prime factors of 26129?
17, 29, 53
What are the prime factors of 1805?
5, 19
List the prime factors of 2604.
2, 3, 7, 31
List the prime factors of 5376.
2, 3, 7
List the prime factors of 52414.
2, 73, 359
What are the prime factors of 817?
19, 43
List the prime factors of 48611.
48611
List the prime factors of 116204.
2, 11, 19, 139
What are the prime factors of 622?
2, 311
What are the prime factors of 1356?
2, 3, 113
What are the prime factors of 2944?
2, 23
List the prime factors of 8783.
8783
List the prime factors of 5709.
3, 11, 173
List the prime factors of 4405.
5, 881
What are the prime factors of 37454?
2, 61, 307
List the prime factors of 1345.
5, 269
What are the prime factors of 1698?
2, 3, 283
List the prime factors of 15075.
3, 5, 67
What are the prime factors of 870?
2, 3, 5, 29
List the prime factors of 1988.
2, 7, 71
List the prime factors of 23852.
2, 67, 89
What are the prime factors of 639?
3, 71
What are the prime factors of 150414?
2, 3, 11, 43, 53
What are the prime factors of 17243?
43, 401
List the prime factors of 35533.
35533
What are the prime factors of 165497?
167, 991
List the prime factors of 19048.
2, 2381
List the prime factors of 32052.
2, 3, 2671
List the prime factors of 1233.
3, 137
List the prime factors of 2021.
43, 47
What are the prime factors of 25?
5
List the prime factors of 507.
3, 13
List the prime factors of 1478.
2, 739
List the prime factors of 48702.
2, 3, 8117
What are the prime factors of 14365?
5, 13, 17
List the prime factors of 937.
937
What are the prime factors of 163?
163
What are the prime factors of 13468?
2, 7, 13, 37
List the prime factors of 17536.
2, 137
List the prime factors of 13492.
2, 3373
List the prime factors of 29359.
11, 17, 157
List the prime factors of 40851.
3, 17, 89
What are the prime factors of 140554?
2, 31, 2267
List the prime factors of 4620.
2, 3, 5, 7, 11
What are the prime factors of 943?
23, 41
List the prime factors of 6188.
2, 7, 13, 17
List the prime factors of 50584.
2, 6323
What are the prime factors of 112683?
3, 37561
List the prime factors of 668.
2, 167
List the prime factors of 35040.
2, 3, 5, 73
What are the prime factors of 41588?
2, 37, 281
What are the prime factors of 12585?
3, 5, 839
List the prime factors of 28951.
13, 17, 131
List the prime factors of 2925.
3, 5, 13
What are the prime factors of 3246?
2, 3, 541
What are the prime factors of 826?
2, 7, 59
List the prime factors of 14881.
23, 647
What are the prime factors of 181?
181
List the prime factors of 117140.
2, 5, 5857
List the prime factors of 168.
2, 3, 7
List the prime factors of 513.
3, 19
What are the prime factors of 1768?
2, 13, 17
What are the prime factors of 62882?
2, 23, 1367
List the prime factors of 55314.
2, 3, 7, 439
List the prime factors of 726.
2, 3, 11
List the prime factors of 86810.
2, 5, 8681
What are the prime factors of 1862?
2, 7, 19
What are the prime factors of 1762?
2, 881
What are the prime factors of 16489?
11, 1499
List the prime factors of 1607.
1607
What are the prime factors of 3595?
5, 719
List the prime factors of 5707.
13, 439
What are the prime factors of 86384?
2, 5399
What are the prime f